{"id":16213,"date":"2023-12-12T22:51:54","date_gmt":"2023-12-12T19:51:54","guid":{"rendered":"https:\/\/nsngumrukleme.com\/?page_id=16213"},"modified":"2023-12-13T00:10:05","modified_gmt":"2023-12-12T21:10:05","slug":"katma-degerli-hizmetler","status":"publish","type":"page","link":"https:\/\/nsngumrukleme.com\/index.php\/katma-degerli-hizmetler\/","title":{"rendered":"Katma De\u011ferli Hizmetler"},"content":{"rendered":"\n<p>Katma de\u011ferli hizmetler, bir \u00fcr\u00fcn veya hizmetin temel \u00f6zelliklerine ek olarak sunulan ve m\u00fc\u015fteriye ek de\u011fer sa\u011flayan hizmetlerdir. \u0130\u015fte bu konunun baz\u0131 \u00f6nemli y\u00f6nleri:<\/p>\n\n\n\n<ol class=\"wp-block-list\">\n<li><strong>M\u00fc\u015fteri Memnuniyeti<\/strong>: Katma de\u011ferli hizmetler, m\u00fc\u015fteri memnuniyetini art\u0131r\u0131r. Bu, m\u00fc\u015fterinin \u00fcr\u00fcn veya hizmetle daha fazla memnun olmas\u0131n\u0131 sa\u011flar.<\/li>\n\n\n\n<li><strong>Farkl\u0131la\u015fma<\/strong>: Katma de\u011ferli hizmetler, bir i\u015fletmenin \u00fcr\u00fcn veya hizmetlerini rakiplerinden ay\u0131rmada \u00f6nemli bir rol oynar. Bu, i\u015fletmenin pazarda benzersiz bir konum elde etmesine yard\u0131mc\u0131 olur.<\/li>\n\n\n\n<li><strong>Gelir Art\u0131\u015f\u0131<\/strong>: Katma de\u011ferli hizmetler, i\u015fletmenin gelirini art\u0131rabilir. M\u00fc\u015fteriler genellikle katma de\u011ferli hizmetler i\u00e7in ekstra \u00f6deme yapmaya isteklidir.<\/li>\n\n\n\n<li><strong>M\u00fc\u015fteri Sadakati<\/strong>: Katma de\u011ferli hizmetler, m\u00fc\u015fteri sadakatini art\u0131rabilir. M\u00fc\u015fteriler, katma de\u011ferli hizmetler sunan i\u015fletmelere daha sad\u0131k olma e\u011filimindedir.<\/li>\n\n\n\n<li><strong>Marka De\u011feri<\/strong>: Katma de\u011ferli hizmetler, bir i\u015fletmenin marka de\u011ferini art\u0131rabilir. Bu, i\u015fletmenin pazardaki itibar\u0131n\u0131 ve tan\u0131n\u0131rl\u0131\u011f\u0131n\u0131 art\u0131r\u0131r.<\/li>\n<\/ol>\n","protected":false},"excerpt":{"rendered":"<p>Katma de\u011ferli hizmetler, bir \u00fcr\u00fcn veya hizmetin temel \u00f6zelliklerine ek olarak sunulan ve m\u00fc\u015fteriye ek de\u011fer sa\u011flayan hizmetlerdir. \u0130\u015fte bu<\/p>\n","protected":false},"author":1,"featured_media":0,"parent":0,"menu_order":0,"comment_status":"closed","ping_status":"closed","template":"","meta":{"footnotes":""},"class_list":["post-16213","page","type-page","status-publish","hentry"],"_links":{"self":[{"href":"https:\/\/nsngumrukleme.com\/index.php\/wp-json\/wp\/v2\/pages\/16213","targetHints":{"allow":["GET"]}}],"collection":[{"href":"https:\/\/nsngumrukleme.com\/index.php\/wp-json\/wp\/v2\/pages"}],"about":[{"href":"https:\/\/nsngumrukleme.com\/index.php\/wp-json\/wp\/v2\/types\/page"}],"author":[{"embeddable":true,"href":"https:\/\/nsngumrukleme.com\/index.php\/wp-json\/wp\/v2\/users\/1"}],"replies":[{"embeddable":true,"href":"https:\/\/nsngumrukleme.com\/index.php\/wp-json\/wp\/v2\/comments?post=16213"}],"version-history":[{"count":0,"href":"https:\/\/nsngumrukleme.com\/index.php\/wp-json\/wp\/v2\/pages\/16213\/revisions"}],"wp:attachment":[{"href":"https:\/\/nsngumrukleme.com\/index.php\/wp-json\/wp\/v2\/media?parent=16213"}],"curies":[{"name":"wp","href":"https:\/\/api.w.org\/{rel}","templated":true}]}}